{"id":4630,"date":"2019-09-27T09:49:06","date_gmt":"2019-09-27T09:49:06","guid":{"rendered":"https:\/\/puertasmoral.com\/?page_id=997"},"modified":"2020-11-27T08:23:56","modified_gmt":"2020-11-27T08:23:56","slug":"suelos-laminados","status":"publish","type":"page","link":"https:\/\/puertasmoral.com\/?page_id=4630","title":{"rendered":"Suelos laminados"},"content":{"rendered":"\t\t<div data-elementor-type=\"wp-page\" data-elementor-id=\"4630\" class=\"elementor elementor-4630\" data-elementor-post-type=\"page\">\n\t\t\t\t\t\t<section class=\"elementor-section elementor-top-section elementor-element elementor-element-2abf1db elementor-section-boxed elementor-section-height-default elementor-section-height-default\" data-id=\"2abf1db\" data-element_type=\"section\">\n\t\t\t\t\t\t<div class=\"elementor-container elementor-column-gap-default\">\n\t\t\t\t\t<div class=\"elementor-column elementor-col-100 elementor-top-column elementor-element elementor-element-11c807d\" data-id=\"11c807d\" data-element_type=\"column\">\n\t\t\t<div class=\"elementor-widget-wrap elementor-element-populated\">\n\t\t\t\t\t\t<div class=\"elementor-element elementor-element-16e2465 elementor-widget elementor-widget-text-editor\" data-id=\"16e2465\" data-element_type=\"widget\" data-widget_type=\"text-editor.default\">\n\t\t\t\t\t\t\t\t\t<p><strong>Aplicaciones<\/strong><br \/>Existe un gran mercado de este producto, con gran cantidad de estilos, formatos, colores y texturas disponibles, existiendo imitaciones de pr\u00e1cticamente todas las maderas naturales (Roble, Haya, Ipe), as\u00ed como de piedra o cer\u00e1micas. Tambi\u00e9n se comercializan acabados con relieves, ya que ciertas marcas ofrecen un acabado r\u00fastico. Es relativamente sencillo de instalar y ha ganado popularidad en los \u00faltimos 20 a\u00f1os debido a lo sencillo de su mantenimiento y, sobre todo, a su precio, m\u00e1s econ\u00f3mico que los materiales naturales.<br \/>Puede estar garantizada, por norma general, desde 5 a\u00f1os hasta 35 a\u00f1os.<\/p>\t\t\t\t\t\t\t\t<\/div>\n\t\t\t\t\t<\/div>\n\t\t<\/div>\n\t\t\t\t\t<\/div>\n\t\t<\/section>\n\t\t\t\t<section class=\"elementor-section elementor-top-section elementor-element elementor-element-19b300dd elementor-section-boxed elementor-section-height-default elementor-section-height-default\" data-id=\"19b300dd\" data-element_type=\"section\">\n\t\t\t\t\t\t<div class=\"elementor-container elementor-column-gap-default\">\n\t\t\t\t\t<div class=\"elementor-column elementor-col-100 elementor-top-column elementor-element elementor-element-6933c888\" data-id=\"6933c888\" data-element_type=\"column\">\n\t\t\t<div class=\"elementor-widget-wrap elementor-element-populated\">\n\t\t\t\t\t\t<section class=\"elementor-section elementor-inner-section elementor-element elementor-element-ed7d92c elementor-section-boxed elementor-section-height-default elementor-section-height-default\" data-id=\"ed7d92c\" data-element_type=\"section\">\n\t\t\t\t\t\t<div class=\"elementor-container elementor-column-gap-default\">\n\t\t\t\t\t<div class=\"elementor-column elementor-col-50 elementor-inner-column elementor-element elementor-element-8ce1cc6\" data-id=\"8ce1cc6\" data-element_type=\"column\">\n\t\t\t<div class=\"elementor-widget-wrap elementor-element-populated\">\n\t\t\t\t\t\t<div class=\"elementor-element elementor-element-caddce9 elementor-widget elementor-widget-image\" data-id=\"caddce9\" data-element_type=\"widget\" data-widget_type=\"image.default\">\n\t\t\t\t\t\t\t\t\t\t\t\t\t\t\t<img fetchpriority=\"high\" decoding=\"async\" width=\"600\" height=\"400\" src=\"https:\/\/puertasmoral.com\/wp-content\/uploads\/2020\/11\/esquema-suelo-laminado.png\" class=\"attachment-large size-large wp-image-6541\" alt=\"\" srcset=\"https:\/\/puertasmoral.com\/wp-content\/uploads\/2020\/11\/esquema-suelo-laminado.png 600w, https:\/\/puertasmoral.com\/wp-content\/uploads\/2020\/11\/esquema-suelo-laminado-81x54.png 81w, https:\/\/puertasmoral.com\/wp-content\/uploads\/2020\/11\/esquema-suelo-laminado-300x200.png 300w\" sizes=\"(max-width: 600px) 100vw, 600px\" \/>\t\t\t\t\t\t\t\t\t\t\t\t\t\t\t<\/div>\n\t\t\t\t\t<\/div>\n\t\t<\/div>\n\t\t\t\t<div class=\"elementor-column elementor-col-50 elementor-inner-column elementor-element elementor-element-09b380d\" data-id=\"09b380d\" data-element_type=\"column\">\n\t\t\t<div class=\"elementor-widget-wrap elementor-element-populated\">\n\t\t\t\t\t\t<div class=\"elementor-element elementor-element-21a61f6 elementor-widget elementor-widget-text-editor\" data-id=\"21a61f6\" data-element_type=\"widget\" data-widget_type=\"text-editor.default\">\n\t\t\t\t\t\t\t\t\t<ol><li>Capa de resistencia al desgaste y ara\u00f1azos<\/li><li>Capa de acabado<\/li><li>Capa de resistencia a impactos<\/li><li>N\u00facleo de HDF<\/li><li>Capa estabilizadora posterior<\/li><\/ol>\t\t\t\t\t\t\t\t<\/div>\n\t\t\t\t\t<\/div>\n\t\t<\/div>\n\t\t\t\t\t<\/div>\n\t\t<\/section>\n\t\t\t\t<div class=\"elementor-element elementor-element-4e3b41b5 elementor-widget elementor-widget-text-editor\" data-id=\"4e3b41b5\" data-element_type=\"widget\" data-widget_type=\"text-editor.default\">\n\t\t\t\t\t\t\t\t\t<header class=\"entry-header\"><\/header><div class=\"entry-content\"><div class=\"wp-block-image\"><strong><span style=\"color: var( --e-global-color-text ); font-family: var( --e-global-typography-text-font-family ), Sans-serif;\">Composici\u00f3n<\/span><\/strong><\/div><div class=\"wp-block-image\"><span style=\"color: var( --e-global-color-text ); font-family: var( --e-global-typography-text-font-family ), Sans-serif; font-weight: var( --e-global-typography-text-font-weight );\">La composici\u00f3n laminada del producto le permite resistir mejor las tensiones de deformaci\u00f3n. Para zonas muy h\u00famedas, como cocinas y ba\u00f1os, se recomienda el uso de materiales especiales, ya que el material est\u00e1ndar no resiste bien contacto prolongado con agua o humedad. Es m\u00e1s duro que la madera barnizada a la abrasi\u00f3n (aunque depende de la resistencia del laminado), por lo que resiste mejor los ara\u00f1azos leves y tacones.<\/span><\/div><p>Por norma general, ofrece mejor comportamiento a las manchas, que los barnices tradicionales en tarima, parqu\u00e9, aunque es similar al comportamiento de los poliuretanos de nueva generaci\u00f3n o barnices al agua.<br \/>Los laminados de mejor calidad son empleados tambi\u00e9n en bares y discotecas, por su resistencia a la abrasi\u00f3n, manchas y a las quemaduras de cigarrillo.<br \/><strong>Calidades<\/strong><br \/>Debido a que el laminado sint\u00e9tico puede presentar muy diversas propiedades seg\u00fan el fabricante, los suelos se clasifican en cinco calidades seg\u00fan la norma EN 13329.1 Estas categor\u00edas son el resultado de un test de abrasi\u00f3n, donde una m\u00e1quina somete al suelo a una serie de frotados con una rueda de papel de lija, hasta que el dibujo decorativo pierde su apariencia original, es decir, el test se hace hasta que el decorativo desaparece (se vuelve blanco). Ejemplo: Si utilizamos un AC4 o AC5 de un fabricante A y hacemos un test de abrasi\u00f3n puede quedarse blanco antes que un AC4 o AC5 de un fabricante B. No se recomienda tener en consideraci\u00f3n el test AC como factor \u00fanico para la elecci\u00f3n de un suelo laminado.<br \/>Seg\u00fan el n\u00famero de vueltas soportadas, la resistencia de la melamina o capa de uso es:<\/p><p>Actualmente, los pavimentos laminados o sint\u00e9ticos, se clasifican por clases de uso, no por resistencia AC ya que presta confusi\u00f3n. Las clasificaciones actuales no tienen semejanza con las anteriores, ya que no siguen un criterio de resistencia \u2013 uso. Un fabricante puede marcar AC 4 con una clase 31 y eso es incorrecto. Lo que s\u00ed tenemos que ver en la ficha t\u00e9cnica del material es la resistencia AC asociada a la clase de uso, para que exista coherencia y concordancia, pero no es condicional (el AC) para saber si un material es m\u00e1s resistente que otro, ya que influyen m\u00e1s factores, de ah\u00ed que la mayor\u00eda de fabricantes s\u00f3lo marquen los paquetes con las clases de uso.<\/p><div class=\"wp-block-image\">\u00a0<span style=\"color: var( --e-global-color-text ); font-family: var( --e-global-typography-text-font-family ), Sans-serif; font-weight: var( --e-global-typography-text-font-weight );\">Ejemplo: Un AC 4 de un fabricante A no tiene nada que ver con un AC4 de un fabricante B. Hoy en d\u00eda hay fabricantes que clasifican con AC5 y su clase de uso es inferior a Clase 32, por lo cual, confunden al cliente final.<\/span><\/div><p>Las clasificaciones actuales usadas para los pavimentos laminados flotantes son:<\/p><p>\u00a0<\/p><\/div>\t\t\t\t\t\t\t\t<\/div>\n\t\t\t\t<div class=\"elementor-element elementor-element-2e169ea elementor-widget elementor-widget-image\" data-id=\"2e169ea\" data-element_type=\"widget\" data-widget_type=\"image.default\">\n\t\t\t\t\t\t\t\t\t\t\t\t\t\t\t<img decoding=\"async\" width=\"960\" height=\"460\" src=\"https:\/\/puertasmoral.com\/wp-content\/uploads\/2020\/11\/niveles-usos-laminados-1024x491.png\" class=\"attachment-large size-large wp-image-6543\" alt=\"\" srcset=\"https:\/\/puertasmoral.com\/wp-content\/uploads\/2020\/11\/niveles-usos-laminados-1024x491.png 1024w, https:\/\/puertasmoral.com\/wp-content\/uploads\/2020\/11\/niveles-usos-laminados-90x43.png 90w, https:\/\/puertasmoral.com\/wp-content\/uploads\/2020\/11\/niveles-usos-laminados-600x288.png 600w, https:\/\/puertasmoral.com\/wp-content\/uploads\/2020\/11\/niveles-usos-laminados-300x144.png 300w, https:\/\/puertasmoral.com\/wp-content\/uploads\/2020\/11\/niveles-usos-laminados-768x368.png 768w, https:\/\/puertasmoral.com\/wp-content\/uploads\/2020\/11\/niveles-usos-laminados.png 1260w\" sizes=\"(max-width: 960px) 100vw, 960px\" \/>\t\t\t\t\t\t\t\t\t\t\t\t\t\t\t<\/div>\n\t\t\t\t<div class=\"elementor-element elementor-element-ec7e21f elementor-widget elementor-widget-text-editor\" data-id=\"ec7e21f\" data-element_type=\"widget\" data-widget_type=\"text-editor.default\">\n\t\t\t\t\t\t\t\t\t<header class=\"entry-header\"><\/header><div class=\"entry-content\"><div class=\"wp-block-image\"><strong style=\"color: var( --e-global-color-text ); font-family: var( --e-global-typography-text-font-family ), Sans-serif;\">Consejos<\/strong><\/div><p>\u2022 Es importante a la hora de adquirir este material, revisar el sistema de anclaje de las piezas, ya que es el punto m\u00e1s d\u00e9bil del material. De la calidad del anclaje depender\u00e1 en mayor medida, el aspecto est\u00e9tico, ya que las juntas abiertas se aprecian con facilidad.<br \/>\u2022 La resistencia a las manchas, qu\u00edmicos comunes y sol, son valores a tener en cuenta.<br \/>\u2022 El grosor y tablero hidr\u00f3fugo, son importantes para la estabilidad dimensional del material, as\u00ed como de su comportamiento frente a la humedad y agua. Un material de baja calidad, tender\u00e1 a combarse frente a la presencia de humedad o peque\u00f1a presi\u00f3n. Es importante conocer la densidad del tablero.<br \/>\u2022 El grosor, 7 hasta 12 mm y la densidad del tablero (kg\/m\u00b3), son importantes a la hora de elegir un buen material, ya que aguantar\u00e1 mejor torsiones y humedad, en funci\u00f3n de estos factores.<br \/>\u2022 Con el consejo de un profesional vendedor o un instalador, puede conseguir la mejor relaci\u00f3n calidad-precio para sus necesidades, ya que hay un gran mercado y es dif\u00edcil escoger con seguridad.<\/p><\/div>\t\t\t\t\t\t\t\t<\/div>\n\t\t\t\t\t<\/div>\n\t\t<\/div>\n\t\t\t\t\t<\/div>\n\t\t<\/section>\n\t\t\t\t<section class=\"elementor-section elementor-top-section elementor-element elementor-element-812760b elementor-section-boxed elementor-section-height-default elementor-section-height-default\" data-id=\"812760b\" data-element_type=\"section\">\n\t\t\t\t\t\t<div class=\"elementor-container elementor-column-gap-default\">\n\t\t\t\t\t<div class=\"elementor-column elementor-col-100 elementor-top-column elementor-element elementor-element-a41280c\" data-id=\"a41280c\" data-element_type=\"column\">\n\t\t\t<div class=\"elementor-widget-wrap\">\n\t\t\t\t\t\t\t<\/div>\n\t\t<\/div>\n\t\t\t\t\t<\/div>\n\t\t<\/section>\n\t\t\t\t<\/div>\n\t\t","protected":false},"excerpt":{"rendered":"<p>AplicacionesExiste un gran mercado de este producto, con gran cantidad de estilos, formatos, colores y texturas disponibles, existiendo imitaciones de pr\u00e1cticamente todas las maderas naturales (Roble, Haya, Ipe), as\u00ed como de piedra o cer\u00e1micas. Tambi\u00e9n se comercializan acabados con relieves, ya que ciertas marcas ofrecen un acabado r\u00fastico. Es relativamente sencillo de instalar y ha<\/p>\n<div class=\"klb-readmore post-buttons\"><a class=\"btn variant-primary\" href=\"https:\/\/puertasmoral.com\/?page_id=4630\">Read More <i class=\"klbth-icon-right-arrow\"><\/i><\/a><\/div>\n","protected":false},"author":1,"featured_media":0,"parent":0,"menu_order":0,"comment_status":"closed","ping_status":"closed","template":"","meta":{"_acf_changed":false,"footnotes":""},"class_list":["post-4630","page","type-page","status-publish","hentry"],"acf":[],"_links":{"self":[{"href":"https:\/\/puertasmoral.com\/index.php?rest_route=\/wp\/v2\/pages\/4630","targetHints":{"allow":["GET"]}}],"collection":[{"href":"https:\/\/puertasmoral.com\/index.php?rest_route=\/wp\/v2\/pages"}],"about":[{"href":"https:\/\/puertasmoral.com\/index.php?rest_route=\/wp\/v2\/types\/page"}],"author":[{"embeddable":true,"href":"https:\/\/puertasmoral.com\/index.php?rest_route=\/wp\/v2\/users\/1"}],"replies":[{"embeddable":true,"href":"https:\/\/puertasmoral.com\/index.php?rest_route=%2Fwp%2Fv2%2Fcomments&post=4630"}],"version-history":[{"count":3,"href":"https:\/\/puertasmoral.com\/index.php?rest_route=\/wp\/v2\/pages\/4630\/revisions"}],"predecessor-version":[{"id":6546,"href":"https:\/\/puertasmoral.com\/index.php?rest_route=\/wp\/v2\/pages\/4630\/revisions\/6546"}],"wp:attachment":[{"href":"https:\/\/puertasmoral.com\/index.php?rest_route=%2Fwp%2Fv2%2Fmedia&parent=4630"}],"curies":[{"name":"wp","href":"https:\/\/api.w.org\/{rel}","templated":true}]}}