{"id":810,"date":"2019-08-17T08:23:46","date_gmt":"2019-08-17T08:23:46","guid":{"rendered":"https:\/\/puertasmoral.com\/?page_id=810"},"modified":"2020-05-20T08:56:39","modified_gmt":"2020-05-20T08:56:39","slug":"conocenos","status":"publish","type":"page","link":"https:\/\/puertasmoral.com\/?page_id=810","title":{"rendered":"Conocenos"},"content":{"rendered":"<p><img fetchpriority=\"high\" decoding=\"async\" width=\"851\" height=\"315\" src=\"https:\/\/puertasmoral.com\/wp-content\/uploads\/2019\/08\/Portada-Moral-2019-1.png\" alt=\"\" srcset=\"https:\/\/puertasmoral.com\/wp-content\/uploads\/2019\/08\/Portada-Moral-2019-1.png 851w, https:\/\/puertasmoral.com\/wp-content\/uploads\/2019\/08\/Portada-Moral-2019-1-300x111.png 300w, https:\/\/puertasmoral.com\/wp-content\/uploads\/2019\/08\/Portada-Moral-2019-1-768x284.png 768w, https:\/\/puertasmoral.com\/wp-content\/uploads\/2019\/08\/Portada-Moral-2019-1-600x222.png 600w\" sizes=\"(max-width: 851px) 100vw, 851px\"><\/p>\n<h2>\u00bfQuienes somos?<\/h2>\n<p>PUERTAS MORAL S.L&nbsp;es una&nbsp;empresa con proyecci\u00f3n nacional dedicada&nbsp;en exclusiva&nbsp;a dar apoyo al sector de la madera, especializada en la distribuci\u00f3n de todo tipo de fabricaciones en madera como puertas, barandillas o mobiliario, y a la&nbsp;venta de maquinaria de carpinter\u00eda y ferreter\u00eda.<a href=\"http:\/\/bricomoral.com\/new\/web\/wp-content\/uploads\/2013\/12\/insta1.jpg\" target=\"_blank\" rel=\"noopener\"><img decoding=\"async\" src=\"http:\/\/bricomoral.com\/new\/web\/wp-content\/uploads\/2013\/12\/insta1-300x149.jpg\" alt=\"insta1\" width=\"300\" height=\"149\"><\/a><\/p>\n<p>Nuestro&nbsp;compromiso&nbsp;en el&nbsp;desarrollo constante e innovador&nbsp;de nuestros productos hace de&nbsp;PUERTAS MORAL S.L&nbsp;una&nbsp;empresa din\u00e1mica y flexible&nbsp;que cumple con el objetivo de ofrecer fabricaciones y productos de calidad y dise\u00f1o.<\/p>\n<p>Con una vocaci\u00f3n de servicio,&nbsp;PUERTAS MORAL S.L cuenta con un equipo de profesionales&nbsp;involucrados&nbsp;en ofrecer soluciones competitivas y de calidad que respondan a las demandas del mercado del siglo XXI.<\/p>\n<p>PUERTAS MORAL S.L lleva en el mercado m\u00e1s de 50 a\u00f1os ofreciendo productos de carpinter\u00eda y ferreter\u00eda de la mejor calidad. Fundada en los a\u00f1os 60 por Don Juan Moral Alc\u00e1ntara con el objetivo de desarrollar nuevos productos adapt\u00e1ndose al mercado del d\u00eda a d\u00eda.<\/p>\n<p>Con nuestras nuevas instalaciones ubicadas en Ja\u00e9n, hemos adquirido las capacidades tecnol\u00f3gicas y las infraestructuras adecuadas para poder ofrecer a nuestros clientes un servicio \u00f3ptimo, el cual nos esforzamos en mejorar d\u00eda a d\u00eda.<\/p>\n<p>Por otra parte y en aras de esa mejora, podemos ofrecerle todos los productos, las herramientas y el asesoramiento para ser grandes usuarios del bricolaje, <em><strong>!H\u00e1galo Usted mismo, nosotros le ayudamos!<\/strong><\/em>, ofreci\u00e9ndole gran variedad de art\u00edculos en iluminaci\u00f3n, decoraci\u00f3n, jard\u00edn, menaje, electricidad, fontaner\u00eda, pinturas y barnices, papeles pintados, ba\u00f1o, ordenaci\u00f3n, mobiliario, etc.<\/p>\n<h2>Donde estamos<\/h2>\n<p>Nos encontrara en la A316 salida 60 hacia Fuerte del rey. Sin problemas de aparcamiento, y con zona de carga en nuestras instalaciones.<\/p>\n<p>Nuestro horario es de 09:00 a 14:00 y de 16:30 a 20:30. Abierto los S\u00e1bados 09:00 a 14:00 y de 16:30 a 21:00. En agosto, s\u00e1bados tarde cerrado<\/p>\n<p>Encuentranos en <a href=\"https:\/\/maps.google.es\/maps?q=Maderas+Moral,+Ja%C3%A9n&amp;hl=es&amp;ie=UTF8&amp;sll=40.2085,-3.713&amp;sspn=21.06806,53.569336&amp;oq=maderas+moral&amp;hq=Maderas+Moral,&amp;hnear=Ja%C3%A9n,+Andaluc%C3%ADa&amp;t=m&amp;z=13\" target=\"_blank\" rel=\"noopener\">Google Maps<\/a><\/p>\n<p>Tel\u00e9fono: 953567157<br \/>\nFax: 953567611<br \/>\nCorreo electr\u00f3nico: puertasmoral@puertasmoral.com<br \/>\n[custom-facebook-feed]<\/p>\n<p><iframe frameborder=\"0\" scrolling=\"no\" marginheight=\"0\" marginwidth=\"0\" src=\"https:\/\/maps.google.com\/maps?q=jaen%2C%20&amp;t=m&amp;z=10&amp;output=embed&amp;iwloc=near\" aria-label=\"jaen, \"><\/iframe><\/p>\n","protected":false},"excerpt":{"rendered":"<p>\u00bfQuienes somos? PUERTAS MORAL S.L&nbsp;es una&nbsp;empresa con proyecci\u00f3n nacional dedicada&nbsp;en exclusiva&nbsp;a dar apoyo al sector de la madera, especializada en la distribuci\u00f3n de todo tipo de fabricaciones en madera como puertas, barandillas o mobiliario, y a la&nbsp;venta de maquinaria de carpinter\u00eda y ferreter\u00eda. Nuestro&nbsp;compromiso&nbsp;en el&nbsp;desarrollo constante e innovador&nbsp;de nuestros productos hace de&nbsp;PUERTAS MORAL S.L&nbsp;una&nbsp;empresa din\u00e1mica<\/p>\n<div class=\"klb-readmore post-buttons\"><a class=\"btn variant-primary\" href=\"https:\/\/puertasmoral.com\/?page_id=810\">Read More <i class=\"klbth-icon-right-arrow\"><\/i><\/a><\/div>\n","protected":false},"author":1,"featured_media":0,"parent":0,"menu_order":0,"comment_status":"closed","ping_status":"closed","template":"","meta":{"_acf_changed":false,"footnotes":""},"class_list":["post-810","page","type-page","status-publish","hentry"],"acf":[],"_links":{"self":[{"href":"https:\/\/puertasmoral.com\/index.php?rest_route=\/wp\/v2\/pages\/810","targetHints":{"allow":["GET"]}}],"collection":[{"href":"https:\/\/puertasmoral.com\/index.php?rest_route=\/wp\/v2\/pages"}],"about":[{"href":"https:\/\/puertasmoral.com\/index.php?rest_route=\/wp\/v2\/types\/page"}],"author":[{"embeddable":true,"href":"https:\/\/puertasmoral.com\/index.php?rest_route=\/wp\/v2\/users\/1"}],"replies":[{"embeddable":true,"href":"https:\/\/puertasmoral.com\/index.php?rest_route=%2Fwp%2Fv2%2Fcomments&post=810"}],"version-history":[{"count":11,"href":"https:\/\/puertasmoral.com\/index.php?rest_route=\/wp\/v2\/pages\/810\/revisions"}],"predecessor-version":[{"id":1613,"href":"https:\/\/puertasmoral.com\/index.php?rest_route=\/wp\/v2\/pages\/810\/revisions\/1613"}],"wp:attachment":[{"href":"https:\/\/puertasmoral.com\/index.php?rest_route=%2Fwp%2Fv2%2Fmedia&parent=810"}],"curies":[{"name":"wp","href":"https:\/\/api.w.org\/{rel}","templated":true}]}}

<p><img fetchpriority="high" decoding="async" width="851" height="315" src="https://puertasmoral.com/wp-content/uploads/2019/08/Portada-Moral-2019-1.png" alt="" srcset="https://puertasmoral.com/wp-content/uploads/2019/08/Portada-Moral-2019-1.png 851w, https://puertasmoral.com/wp-content/uploads/2019/08/Portada-Moral-2019-1-300x111.png 300w, https://puertasmoral.com/wp-content/uploads/2019/08/Portada-Moral-2019-1-768x284.png 768w, https://puertasmoral.com/wp-content/uploads/2019/08/Portada-Moral-2019-1-600x222.png 600w" sizes="(max-width: 851px) 100vw, 851px"></p>
<h2>¿Quienes somos?</h2>
<p>PUERTAS MORAL S.L&nbsp;es una&nbsp;empresa con proyección nacional dedicada&nbsp;en exclusiva&nbsp;a dar apoyo al sector de la madera, especializada en la distribución de todo tipo de fabricaciones en madera como puertas, barandillas o mobiliario, y a la&nbsp;venta de maquinaria de carpintería y ferretería.<a href="http://bricomoral.com/new/web/wp-content/uploads/2013/12/insta1.jpg" target="_blank" rel="noopener"><img decoding="async" src="http://bricomoral.com/new/web/wp-content/uploads/2013/12/insta1-300x149.jpg" alt="insta1" width="300" height="149"></a></p>
<p>Nuestro&nbsp;compromiso&nbsp;en el&nbsp;desarrollo constante e innovador&nbsp;de nuestros productos hace de&nbsp;PUERTAS MORAL S.L&nbsp;una&nbsp;empresa dinámica y flexible&nbsp;que cumple con el objetivo de ofrecer fabricaciones y productos de calidad y diseño.</p>
<p>Con una vocación de servicio,&nbsp;PUERTAS MORAL S.L cuenta con un equipo de profesionales&nbsp;involucrados&nbsp;en ofrecer soluciones competitivas y de calidad que respondan a las demandas del mercado del siglo XXI.</p>
<p>PUERTAS MORAL S.L lleva en el mercado más de 50 años ofreciendo productos de carpintería y ferretería de la mejor calidad. Fundada en los años 60 por Don Juan Moral Alcántara con el objetivo de desarrollar nuevos productos adaptándose al mercado del día a día.</p>
<p>Con nuestras nuevas instalaciones ubicadas en Jaén, hemos adquirido las capacidades tecnológicas y las infraestructuras adecuadas para poder ofrecer a nuestros clientes un servicio óptimo, el cual nos esforzamos en mejorar día a día.</p>
<p>Por otra parte y en aras de esa mejora, podemos ofrecerle todos los productos, las herramientas y el asesoramiento para ser grandes usuarios del bricolaje, <em><strong>!Hágalo Usted mismo, nosotros le ayudamos!</strong></em>, ofreciéndole gran variedad de artículos en iluminación, decoración, jardín, menaje, electricidad, fontanería, pinturas y barnices, papeles pintados, baño, ordenación, mobiliario, etc.</p>
<h2>Donde estamos</h2>
<p>Nos encontrara en la A316 salida 60 hacia Fuerte del rey. Sin problemas de aparcamiento, y con zona de carga en nuestras instalaciones.</p>
<p>Nuestro horario es de 09:00 a 14:00 y de 16:30 a 20:30. Abierto los Sábados 09:00 a 14:00 y de 16:30 a 21:00. En agosto, sábados tarde cerrado</p>
<p>Encuentranos en <a href="https://maps.google.es/maps?q=Maderas+Moral,+Ja%C3%A9n&amp;hl=es&amp;ie=UTF8&amp;sll=40.2085,-3.713&amp;sspn=21.06806,53.569336&amp;oq=maderas+moral&amp;hq=Maderas+Moral,&amp;hnear=Ja%C3%A9n,+Andaluc%C3%ADa&amp;t=m&amp;z=13" target="_blank" rel="noopener">Google Maps</a></p>
<p>Teléfono: 953567157<br />
Fax: 953567611<br />
Correo electrónico: puertasmoral@puertasmoral.com<br />
[custom-facebook-feed]</p>
<p><iframe frameborder="0" scrolling="no" marginheight="0" marginwidth="0" src="https://maps.google.com/maps?q=jaen%2C%20&amp;t=m&amp;z=10&amp;output=embed&amp;iwloc=near" aria-label="jaen, "></iframe></p>

<p>¿Quienes somos? PUERTAS MORAL S.L&nbsp;es una&nbsp;empresa con proyección nacional dedicada&nbsp;en exclusiva&nbsp;a dar apoyo al sector de la madera, especializada en la distribución de todo tipo de fabricaciones en madera como puertas, barandillas o mobiliario, y a la&nbsp;venta de maquinaria de carpintería y ferretería. Nuestro&nbsp;compromiso&nbsp;en el&nbsp;desarrollo constante e innovador&nbsp;de nuestros productos hace de&nbsp;PUERTAS MORAL S.L&nbsp;una&nbsp;empresa dinámica</p>
<div class="klb-readmore post-buttons"><a class="btn variant-primary" href="https://puertasmoral.com/?page_id=810">Read More <i class="klbth-icon-right-arrow"></i></a></div>
