{"id":15594,"date":"2025-03-23T12:57:12","date_gmt":"2025-03-23T12:57:12","guid":{"rendered":"https:\/\/puertasmoral.com\/577395\/"},"modified":"2025-03-23T14:20:21","modified_gmt":"2025-03-23T14:20:21","slug":"577395","status":"publish","type":"product","link":"https:\/\/puertasmoral.com\/?product=577395","title":{"rendered":"Estuche de brocas BKS SYS3 D3-8 K CE\/W"},"content":{"rendered":"<p>broca helicoidal para madera, corta, con punta centradora | punta PH 1 | punta PH 2 | punta PH 3 | punta PZ 1 | punta PZ 2 | punta PZ 3 | punta TX 10 | punta TX 15 | punta TX 20 | punta TX 25 | punta TX 30 | punta TX 40<\/p>\n<p>para taladro atornillador a bater\u00eda y taladro atornillador de percusi\u00f3n a bater\u00eda de Festool con fijaci\u00f3n FastFix y mandril WH-CE CENTROTECpara Systainer\u00b3 con compartimento en la tapa o utilizable como caja independiente<\/p>\n","protected":false},"excerpt":{"rendered":"<p>broca helicoidal para madera, corta, con punta centradora | punta PH 1 | punta PH 2 | punta PH 3 | punta PZ 1 | punta PZ 2 | punta PZ 3 | punta TX 10 | punta TX 15 | punta TX 20 | punta TX 25 | punta TX 30 | punta TX<\/p>\n<div class=\"klb-readmore post-buttons\"><a class=\"btn variant-primary\" href=\"https:\/\/puertasmoral.com\/?product=577395\">Read More <i class=\"klbth-icon-right-arrow\"><\/i><\/a><\/div>\n","protected":false},"featured_media":18210,"comment_status":"closed","ping_status":"closed","template":"","meta":{"_acf_changed":false},"product_brand":[1503],"product_cat":[797,995,1005,1095,1096],"product_tag":[],"class_list":{"0":"post-15594","1":"product","2":"type-product","3":"status-publish","4":"has-post-thumbnail","6":"product_brand-festool","7":"product_cat-festool","8":"product_cat-accesorios","9":"product_cat-taladros-y-atornilladores","10":"product_cat-ampliaciones-del-sistema-taladros-y-atornilladores","11":"product_cat-estuches-con-compartimento-en-la-tapa","13":"first","14":"instock","15":"purchasable","16":"product-type-simple"},"acf":[],"_links":{"self":[{"href":"https:\/\/puertasmoral.com\/index.php?rest_route=\/wp\/v2\/product\/15594","targetHints":{"allow":["GET"]}}],"collection":[{"href":"https:\/\/puertasmoral.com\/index.php?rest_route=\/wp\/v2\/product"}],"about":[{"href":"https:\/\/puertasmoral.com\/index.php?rest_route=\/wp\/v2\/types\/product"}],"replies":[{"embeddable":true,"href":"https:\/\/puertasmoral.com\/index.php?rest_route=%2Fwp%2Fv2%2Fcomments&post=15594"}],"version-history":[{"count":1,"href":"https:\/\/puertasmoral.com\/index.php?rest_route=\/wp\/v2\/product\/15594\/revisions"}],"predecessor-version":[{"id":18209,"href":"https:\/\/puertasmoral.com\/index.php?rest_route=\/wp\/v2\/product\/15594\/revisions\/18209"}],"wp:featuredmedia":[{"embeddable":true,"href":"https:\/\/puertasmoral.com\/index.php?rest_route=\/wp\/v2\/media\/18210"}],"wp:attachment":[{"href":"https:\/\/puertasmoral.com\/index.php?rest_route=%2Fwp%2Fv2%2Fmedia&parent=15594"}],"wp:term":[{"taxonomy":"product_brand","embeddable":true,"href":"https:\/\/puertasmoral.com\/index.php?rest_route=%2Fwp%2Fv2%2Fproduct_brand&post=15594"},{"taxonomy":"product_cat","embeddable":true,"href":"https:\/\/puertasmoral.com\/index.php?rest_route=%2Fwp%2Fv2%2Fproduct_cat&post=15594"},{"taxonomy":"product_tag","embeddable":true,"href":"https:\/\/puertasmoral.com\/index.php?rest_route=%2Fwp%2Fv2%2Fproduct_tag&post=15594"}],"curies":[{"name":"wp","href":"https:\/\/api.w.org\/{rel}","templated":true}]}}