{"id":15680,"date":"2025-03-23T13:26:03","date_gmt":"2025-03-23T13:26:03","guid":{"rendered":"https:\/\/puertasmoral.com\/577327\/"},"modified":"2025-03-23T14:53:19","modified_gmt":"2025-03-23T14:53:19","slug":"577327","status":"publish","type":"product","link":"https:\/\/puertasmoral.com\/?product=577327","title":{"rendered":"Set de energ\u00eda SYS 18V 2&#215;8,0\/SCA16"},"content":{"rendered":"<p>2x bater\u00eda BP 18 Li 8,0 HP-ASI | cargador r\u00e1pido SCA 16 | Systainer SYS3 M 187<\/p>\n<p>para todas las actividades y herramientas de 18\u00a0V en las que se prioriza un rendimiento y una durabilidad m\u00e1ximos (no compatible con las lijadoras a bater\u00eda ETSC 125, RTSC 400, DTSC 400 ni el aspirador a bater\u00eda CTC SYS)<\/p>\n","protected":false},"excerpt":{"rendered":"<p>2x bater\u00eda BP 18 Li 8,0 HP-ASI | cargador r\u00e1pido SCA 16 | Systainer SYS3 M 187 para todas las actividades y herramientas de 18\u00a0V en las que se prioriza un rendimiento y una durabilidad m\u00e1ximos (no compatible con las lijadoras a bater\u00eda ETSC 125, RTSC 400, DTSC 400 ni el aspirador a bater\u00eda CTC<\/p>\n<div class=\"klb-readmore post-buttons\"><a class=\"btn variant-primary\" href=\"https:\/\/puertasmoral.com\/?product=577327\">Read More <i class=\"klbth-icon-right-arrow\"><\/i><\/a><\/div>\n","protected":false},"featured_media":18465,"comment_status":"closed","ping_status":"closed","template":"","meta":{"_acf_changed":false},"product_brand":[1503],"product_cat":[797,995,1054,1353,1354],"product_tag":[],"class_list":{"0":"post-15680","1":"product","2":"type-product","3":"status-publish","4":"has-post-thumbnail","6":"product_brand-festool","7":"product_cat-festool","8":"product_cat-accesorios","9":"product_cat-accesorios-para-amoladoras-angulares","10":"product_cat-accesorios-para-herramientas-a-bateria-accesorios-para-amoladoras-angulares","11":"product_cat-set-de-energia-accesorios-para-herramientas-a-bateria-accesorios-para-amoladoras-angulares","13":"first","14":"instock","15":"purchasable","16":"product-type-simple"},"acf":[],"_links":{"self":[{"href":"https:\/\/puertasmoral.com\/index.php?rest_route=\/wp\/v2\/product\/15680","targetHints":{"allow":["GET"]}}],"collection":[{"href":"https:\/\/puertasmoral.com\/index.php?rest_route=\/wp\/v2\/product"}],"about":[{"href":"https:\/\/puertasmoral.com\/index.php?rest_route=\/wp\/v2\/types\/product"}],"replies":[{"embeddable":true,"href":"https:\/\/puertasmoral.com\/index.php?rest_route=%2Fwp%2Fv2%2Fcomments&post=15680"}],"version-history":[{"count":1,"href":"https:\/\/puertasmoral.com\/index.php?rest_route=\/wp\/v2\/product\/15680\/revisions"}],"predecessor-version":[{"id":16113,"href":"https:\/\/puertasmoral.com\/index.php?rest_route=\/wp\/v2\/product\/15680\/revisions\/16113"}],"wp:featuredmedia":[{"embeddable":true,"href":"https:\/\/puertasmoral.com\/index.php?rest_route=\/wp\/v2\/media\/18465"}],"wp:attachment":[{"href":"https:\/\/puertasmoral.com\/index.php?rest_route=%2Fwp%2Fv2%2Fmedia&parent=15680"}],"wp:term":[{"taxonomy":"product_brand","embeddable":true,"href":"https:\/\/puertasmoral.com\/index.php?rest_route=%2Fwp%2Fv2%2Fproduct_brand&post=15680"},{"taxonomy":"product_cat","embeddable":true,"href":"https:\/\/puertasmoral.com\/index.php?rest_route=%2Fwp%2Fv2%2Fproduct_cat&post=15680"},{"taxonomy":"product_tag","embeddable":true,"href":"https:\/\/puertasmoral.com\/index.php?rest_route=%2Fwp%2Fv2%2Fproduct_tag&post=15680"}],"curies":[{"name":"wp","href":"https:\/\/api.w.org\/{rel}","templated":true}]}}