{"id":15740,"date":"2025-03-23T13:33:21","date_gmt":"2025-03-23T13:33:21","guid":{"rendered":"https:\/\/puertasmoral.com\/499814\/"},"modified":"2025-03-23T15:00:20","modified_gmt":"2025-03-23T15:00:20","slug":"499814","status":"publish","type":"product","link":"https:\/\/puertasmoral.com\/?product=499814","title":{"rendered":"Cabeza esf\u00e9rica magn\u00e9tica MA KAL"},"content":{"rendered":"<p>plato para tr\u00edpode externo<\/p>\n<p>para SYSLITE KAL, KAL II y KAL C<\/p>\n","protected":false},"excerpt":{"rendered":"<p>plato para tr\u00edpode externo para SYSLITE KAL, KAL II y KAL C<\/p>\n","protected":false},"featured_media":18643,"comment_status":"closed","ping_status":"closed","template":"","meta":{"_acf_changed":false},"product_brand":[1503],"product_cat":[797,995,1014,1435],"product_tag":[],"class_list":{"0":"post-15740","1":"product","2":"type-product","3":"status-publish","4":"has-post-thumbnail","6":"product_brand-festool","7":"product_cat-festool","8":"product_cat-accesorios","9":"product_cat-accesorios-para-el-equipamiento","10":"product_cat-accesorios-de-radios-para-obras","12":"first","13":"instock","14":"purchasable","15":"product-type-simple"},"acf":[],"_links":{"self":[{"href":"https:\/\/puertasmoral.com\/index.php?rest_route=\/wp\/v2\/product\/15740","targetHints":{"allow":["GET"]}}],"collection":[{"href":"https:\/\/puertasmoral.com\/index.php?rest_route=\/wp\/v2\/product"}],"about":[{"href":"https:\/\/puertasmoral.com\/index.php?rest_route=\/wp\/v2\/types\/product"}],"replies":[{"embeddable":true,"href":"https:\/\/puertasmoral.com\/index.php?rest_route=%2Fwp%2Fv2%2Fcomments&post=15740"}],"version-history":[{"count":1,"href":"https:\/\/puertasmoral.com\/index.php?rest_route=\/wp\/v2\/product\/15740\/revisions"}],"predecessor-version":[{"id":17290,"href":"https:\/\/puertasmoral.com\/index.php?rest_route=\/wp\/v2\/product\/15740\/revisions\/17290"}],"wp:featuredmedia":[{"embeddable":true,"href":"https:\/\/puertasmoral.com\/index.php?rest_route=\/wp\/v2\/media\/18643"}],"wp:attachment":[{"href":"https:\/\/puertasmoral.com\/index.php?rest_route=%2Fwp%2Fv2%2Fmedia&parent=15740"}],"wp:term":[{"taxonomy":"product_brand","embeddable":true,"href":"https:\/\/puertasmoral.com\/index.php?rest_route=%2Fwp%2Fv2%2Fproduct_brand&post=15740"},{"taxonomy":"product_cat","embeddable":true,"href":"https:\/\/puertasmoral.com\/index.php?rest_route=%2Fwp%2Fv2%2Fproduct_cat&post=15740"},{"taxonomy":"product_tag","embeddable":true,"href":"https:\/\/puertasmoral.com\/index.php?rest_route=%2Fwp%2Fv2%2Fproduct_tag&post=15740"}],"curies":[{"name":"wp","href":"https:\/\/api.w.org\/{rel}","templated":true}]}}