{"id":16581,"date":"2025-03-23T13:17:40","date_gmt":"2025-03-23T13:17:40","guid":{"rendered":"https:\/\/puertasmoral.com\/577260\/"},"modified":"2025-03-23T14:44:53","modified_gmt":"2025-03-23T14:44:53","slug":"577260","status":"publish","type":"product","link":"https:\/\/puertasmoral.com\/?product=577260","title":{"rendered":"Set de limpieza para suciedad gruesa RS-GS D 50"},"content":{"rendered":"<p>tubo flexible de aspiraci\u00f3n D 50&#215;2,5m-AS | tubos de prolongaci\u00f3n D50VR-K | boquilla para suelos D 50 BD370 | boquilla cuadradada D 50 QD | pincel de aspiraci\u00f3n D 50 SP | boquilla para ranuras D 50 FD<\/p>\n<p>CTL 26\/36\/48<\/p>\n","protected":false},"excerpt":{"rendered":"<p>tubo flexible de aspiraci\u00f3n D 50&#215;2,5m-AS | tubos de prolongaci\u00f3n D50VR-K | boquilla para suelos D 50 BD370 | boquilla cuadradada D 50 QD | pincel de aspiraci\u00f3n D 50 SP | boquilla para ranuras D 50 FD CTL 26\/36\/48<\/p>\n","protected":false},"featured_media":16582,"comment_status":"closed","ping_status":"closed","template":"","meta":{"_acf_changed":false},"product_brand":[1503],"product_cat":[797,995,1077,1098,1281],"product_tag":[],"class_list":{"0":"post-16581","1":"product","2":"type-product","3":"status-publish","4":"has-post-thumbnail","6":"product_brand-festool","7":"product_cat-festool","8":"product_cat-accesorios","9":"product_cat-aspiradores-profesionales","10":"product_cat-mangueras-de-aspiracion-y-accesorios-de-limpieza","11":"product_cat-sets-de-limpieza","13":"first","14":"instock","15":"purchasable","16":"product-type-simple"},"acf":[],"_links":{"self":[{"href":"https:\/\/puertasmoral.com\/index.php?rest_route=\/wp\/v2\/product\/16581","targetHints":{"allow":["GET"]}}],"collection":[{"href":"https:\/\/puertasmoral.com\/index.php?rest_route=\/wp\/v2\/product"}],"about":[{"href":"https:\/\/puertasmoral.com\/index.php?rest_route=\/wp\/v2\/types\/product"}],"replies":[{"embeddable":true,"href":"https:\/\/puertasmoral.com\/index.php?rest_route=%2Fwp%2Fv2%2Fcomments&post=16581"}],"version-history":[{"count":1,"href":"https:\/\/puertasmoral.com\/index.php?rest_route=\/wp\/v2\/product\/16581\/revisions"}],"predecessor-version":[{"id":20427,"href":"https:\/\/puertasmoral.com\/index.php?rest_route=\/wp\/v2\/product\/16581\/revisions\/20427"}],"wp:featuredmedia":[{"embeddable":true,"href":"https:\/\/puertasmoral.com\/index.php?rest_route=\/wp\/v2\/media\/16582"}],"wp:attachment":[{"href":"https:\/\/puertasmoral.com\/index.php?rest_route=%2Fwp%2Fv2%2Fmedia&parent=16581"}],"wp:term":[{"taxonomy":"product_brand","embeddable":true,"href":"https:\/\/puertasmoral.com\/index.php?rest_route=%2Fwp%2Fv2%2Fproduct_brand&post=16581"},{"taxonomy":"product_cat","embeddable":true,"href":"https:\/\/puertasmoral.com\/index.php?rest_route=%2Fwp%2Fv2%2Fproduct_cat&post=16581"},{"taxonomy":"product_tag","embeddable":true,"href":"https:\/\/puertasmoral.com\/index.php?rest_route=%2Fwp%2Fv2%2Fproduct_tag&post=16581"}],"curies":[{"name":"wp","href":"https:\/\/api.w.org\/{rel}","templated":true}]}}