{"id":16945,"date":"2025-03-23T13:33:21","date_gmt":"2025-03-23T13:33:21","guid":{"rendered":"https:\/\/puertasmoral.com\/578025\/"},"modified":"2025-03-23T15:00:24","modified_gmt":"2025-03-23T15:00:24","slug":"578025","status":"publish","type":"product","link":"https:\/\/puertasmoral.com\/?product=578025","title":{"rendered":"Set combinado a bater\u00eda para construcci\u00f3n en madera HKC 55\/TPC 18\/AGC 18\/TB M 137"},"content":{"rendered":"<p>sierra circular manual a bater\u00eda HKC 55 5,0 EBI-Plus-SCA | taladro atornillador de percusi\u00f3n a bater\u00eda QUADRIVE TPC18\/4 I-Basic | amoladora angular a bater\u00eda AGC 18-125 EB-Basic | Systainer SYS3 TB M 137<\/p>\n","protected":false},"excerpt":{"rendered":"<p>sierra circular manual a bater\u00eda HKC 55 5,0 EBI-Plus-SCA | taladro atornillador de percusi\u00f3n a bater\u00eda QUADRIVE TPC18\/4 I-Basic | amoladora angular a bater\u00eda AGC 18-125 EB-Basic | Systainer SYS3 TB M 137<\/p>\n","protected":false},"featured_media":20968,"comment_status":"closed","ping_status":"closed","template":"","meta":{"_acf_changed":false},"product_brand":[1503],"product_cat":[797,1011,1264,1265],"product_tag":[],"class_list":{"0":"post-16945","1":"product","2":"type-product","3":"status-publish","4":"has-post-thumbnail","6":"product_brand-festool","7":"product_cat-festool","8":"product_cat-productos","9":"product_cat-sets-de-herramientas-electricas","10":"product_cat-sets-de-herramientas-a-bateria","12":"first","13":"instock","14":"purchasable","15":"product-type-simple"},"acf":[],"_links":{"self":[{"href":"https:\/\/puertasmoral.com\/index.php?rest_route=\/wp\/v2\/product\/16945","targetHints":{"allow":["GET"]}}],"collection":[{"href":"https:\/\/puertasmoral.com\/index.php?rest_route=\/wp\/v2\/product"}],"about":[{"href":"https:\/\/puertasmoral.com\/index.php?rest_route=\/wp\/v2\/types\/product"}],"replies":[{"embeddable":true,"href":"https:\/\/puertasmoral.com\/index.php?rest_route=%2Fwp%2Fv2%2Fcomments&post=16945"}],"version-history":[{"count":1,"href":"https:\/\/puertasmoral.com\/index.php?rest_route=\/wp\/v2\/product\/16945\/revisions"}],"predecessor-version":[{"id":17297,"href":"https:\/\/puertasmoral.com\/index.php?rest_route=\/wp\/v2\/product\/16945\/revisions\/17297"}],"wp:featuredmedia":[{"embeddable":true,"href":"https:\/\/puertasmoral.com\/index.php?rest_route=\/wp\/v2\/media\/20968"}],"wp:attachment":[{"href":"https:\/\/puertasmoral.com\/index.php?rest_route=%2Fwp%2Fv2%2Fmedia&parent=16945"}],"wp:term":[{"taxonomy":"product_brand","embeddable":true,"href":"https:\/\/puertasmoral.com\/index.php?rest_route=%2Fwp%2Fv2%2Fproduct_brand&post=16945"},{"taxonomy":"product_cat","embeddable":true,"href":"https:\/\/puertasmoral.com\/index.php?rest_route=%2Fwp%2Fv2%2Fproduct_cat&post=16945"},{"taxonomy":"product_tag","embeddable":true,"href":"https:\/\/puertasmoral.com\/index.php?rest_route=%2Fwp%2Fv2%2Fproduct_tag&post=16945"}],"curies":[{"name":"wp","href":"https:\/\/api.w.org\/{rel}","templated":true}]}}